f - 3. Let h(d) = 3*t(d) - 4*u(d). What is h(2)?
-5
Let c(o) = -2*o**2 - 7*o - 5. Let s(b) = -b**2 - 4*b - 3. Let l(w) = 3*c(w) - 5*s(w). Suppose -v = -7 + 3. Suppose -v*x = -3*x + 4. What is l(x)?
-12
Let z = 0 + 1. Let p(h) = 3*h**3 + z + h + 0*h + 2*h**2 + h. Let c(x) = 2*x**2 - 29*x + 59. Let f be c(12). Determine p(f).
-2
Let z = -6 - -8. Let x(y) = y**3 - 5*y**2 + 3*y. Calculate x(z).
-6
Let b(v) = -v**3 + 3*v**2 - 2*v - 4. Let w be 10 + (-4 - 0 - -1). Suppose -w*a = -2*a - 15. Calculate b(a).
-10
Let g(l) = l**3 - 9*l**2 + 7*l - 9. Suppose 4*n = o + 37, 3*n - 2*o - 15 - 19 = 0. Give g(n).
-17
Suppose -d + 2*d = 36. Suppose -15 = -d*z + 31*z. Let r(p) be the second derivative of -p**4/12 + 2*p**3/3 - 3*p**2/2 - p. Give r(z).
0
Let n = -3 - 6. Let j be 16/(-72) + 7/n. Let d be j - 0 - 0/(-13). Let x(p) = p**2. What is x(d)?
1
Let m(b) be the first derivative of 1/2*b**2 - 55 - 1/4*b**4 + b + 1/3*b**3. Calculate m(2).
-1
Let b be -4 - 25/((-25)/6). Let q(h) be the first derivative of 2*h - 1/2*h**b + 2. Determine q(3).
-1
Let a(c) = -c**2 + 5*c + 6. Let t(o) = o + 15. Let k be t(-9). Suppose -d - k = -2*d. Determine a(d).
0
Let b(p) be the second derivative of -p**3/2 + 23*p**2 + 96*p. Calculate b(14).
4
Let p(q) = 3*q + 1. Suppose 2*w - 3*u + 4*u = -52, 83 = -3*w - 4*u. Let c be (4*4/(-20))/(10/w). Calculate p(c).
7
Let j be 64/2 - (6 + -3). Let m be -20*(1/4 - 2). Let v = j - m. Let w(h) = -h**2 - 6*h - 1. Determine w(v).
-1
Suppose -n = 4*n + 40. Let v(d) = 3*d + d - 1 + 7*d - 12*d + 0*d. What is v(n)?
7
Let f(h) = 2*h + 8. Let m be 27/(-2)*(-12)/18. Suppose 0 = -5*p - q - 8, 3*p - q + m = -3*q. Let v = -5 + p. What is f(v)?
-4
Let a(v) = 14*v + 11. Let t(q) = -5*q - 4. Let m(d) = -6*a(d) - 17*t(d). Suppose 0 = 12*r - 41 - 7. Suppose 2*h + 4 = r*i + 14, -1 = h + 4*i. Calculate m(h).
5
Let q(g) = g**2 + 2*g + 4. Let y = 52 - 52. Give q(y).
4
Let c(u) = -u**3 + 5*u**2 - 4*u. Let l(h) = -h**2 + 9*h - 10. Let n be l(8). Let p(z) = z**3 + 3*z**2 + z - 2. Let a be p(n). Suppose a = o - 2 - 1. Give c(o).
6
Suppose 10*b = 4*v + 9*b - 21, 4*b = -2*v + 6. Let t(o) = 14*o - 5. Give t(v).
65
Let x(o) = o**2 + 10*o - 5. Let l(b) = -6*b**2 - 51*b + 24. Let y(u) = -2*l(u) - 11*x(u). Suppose 2*a = s - 2, -s + 5*a = 9*a - 14. Calculate y(s).
-5
Let j(y) = -y**2 - 8*y - 8. Let o(i) = -2*i**3 + 11*i**2 + i - 7. Let d be o(5). Suppose -d*h - 48 = -17*h. Determine j(h).
-8
Let l(i) = -i**2 - 7*i + 9. Suppose -42 = -3*y - 4*y. Suppose -3*m = -y + 33. Give l(m).
-9
Let j(n) = 9 - 5*n + 3*n + 3*n - 3*n. Let u(g) = -g**3 - g**2 + 6. Let p(m) = m**2 + 5*m + 4. Let k be p(-4). Let f be u(k). Give j(f).
-3
Let v(n) be the second derivative of -n**5/20 + n**4/2 - 2*n**3/3 + 67*n. Give v(5).
5
Let l(r) = 2*r**2 - 2*r - 4. Let i be (-2 + -2)*(-54)/72. Calculate l(i).
8
Let f be 168/70 - 4/10. Suppose 19 = 5*x - f*x - z, 2*z - 18 = -2*x. Let o(p) = -4*p + 2 + 3*p + 7*p - p**2. Give o(x).
-5
Let z(r) = r**2 + 4*r + 6. Let j be (((-20)/6)/5)/((-6)/27). Suppose 2*i = -j*a + 10 - 3, -9 = i - a. Determine z(i).
6
Let l be (-7 + 276/36)*(3 - -3). Let s(j) = 8*j - 3. What is s(l)?
29
Let v(f) = -6*f**2 - f + 4. Let r(w) = 8*w**2 + 2*w - 3*w**2 - 1 + 7*w**2 - 6. Let u(z) = -3*r(z) - 5*v(z). Calculate u(1).
-6
Let o(v) = 84*v - 15 + 82*v - 168*v. Calculate o(-8).
1
Let u(a) = 7*a**3 + 3*a**2 - 3*a + 10. Let c(l) = 12*l**3 + 5*l**2 - 7*l + 17. Let x(v) = 3*c(v) - 5*u(v). Determine x(4).
41
Let k(z) = 2*z + 1. Let o be 273/(-65) + 2/10*-4. Calculate k(o).
-9
Let k(q) = -q**2 + 15*q + 37. Let x be k(17). Suppose -x + 0 = s. Let d(v) = -v**3 - 3*v**2 + 3*v - 1. Give d(s).
-10
Let n(p) = 2*p + 5*p - 6*p + 3. Suppose -4*s + 48 = -52. Let f be (-2)/5 - (-160)/s. What is n(f)?
9
Let y(w) = 5*w**2 - 800*w + 792*w - 4*w**2 - 3. Let n(b) = -b**3 - 9*b**2 + 10*b + 9. Let t be n(-10). What is y(t)?
6
Suppose 0 = -45*p - 334 - 71. Let r(m) = m**3 + 9*m**2 - 2*m - 5. Give r(p).
13
Suppose -9*m = -41 + 5. Let f(t) = 3*t**2 - 4*t - 3. Give f(m).
29
Let j be (-25)/(-4) + (-4)/16. Suppose -j*l + 10 = -l. Suppose 0 = 2*k - 4*w + 2, -l*k - w - 1 = -4*w. Let v(n) = -n**3 - n**2 + n. Calculate v(k).
-1
Let b(h) = -4*h**2 + 7*h - 8. Let i(z) = -11*z**2 + 21*z - 23. Let v(u) = -8*b(u) + 3*i(u). Let a = 259 + -252. What is v(a)?
-5
Let f(j) = 2*j - 2*j - 11*j**2 - 1 + 12*j**2. Let q(g) = -2*g**3 - 8*g**2 + 3*g + 2. Let r(b) = -5*f(b) - q(b). Calculate r(-3).
-15
Let p(s) = s**2 - 8*s - 38. Let l be p(11). Let y(t) = t**2 + 3*t + 7. What is y(l)?
17
Let t(k) be the second derivative of -k**7/40 - k**6/180 + k**5/60 - k**4/24 + 23*k**3/3 - 41*k. Let d(o) be the second derivative of t(o). Give d(1).
-22
Let z be -1 - -2*6/2. Let p = 55 - 52. Let u(f) = -f**3 + 2*f**2 + 4 + 1 + 0 + p*f**2 - 2*f. Determine u(z).
-5
Let u(b) = b**2 - b - 1. Suppose -5 + 15 = 5*l. Let s(g) = 4*g**2 + 7*g + 3*g**2 - g**3 - 4*g - 9*g**l + 4. Let j(f) = -s(f) + 2*u(f). Determine j(-5).
-6
Suppose 0 = -3*l - 5*x + 17, 14*x = -5*l + 17*x - 17. Let q(k) be the third derivative of -2*k**2 - 1/3*k**4 + 0*k**3 + 0*k + 0. Give q(l).
8
Let g = -351 + 353. Let c(v) be the first derivative of -1/2*v**g - 4 + 0*v. What is c(-5)?
5
Let f(t) = 5*t - 2 + 2. Suppose -4*z - d + 21 = 0, 3*z - 5*d - 20 = -2*z. Suppose 3 = g + w + z, -3*w - 9 = 0. Determine f(g).
5
Suppose -5*g + 24 = -g. Let n(y) = 7 + 83*y**2 - 1 - 47*y**2 - 35*y**2 - 8*y. Determine n(g).
-6
Suppose 9*h + 5 = 23. Let q(k) = k - 1. Let r(t) = -t**3 + 6*t**2 + 4*t + 11. Let z(l) = h*q(l) + r(l). Determine z(7).
2
Let m(j) = -j**3 + j**2 + j + 4. Let n(d) = -d**3 + 15*d**2 + 17*d. Let o be n(16). Let a be 69/21 + o/(-7) + 2. Give m(a).
-11
Let p(i) = -41 + 0*i**3 - 2*i - i**3 + 111 - 33 - 42 + 7*i**2. Calculate p(5).
35
Let x(b) = b**3 + 6*b**2 - 8*b - 8. Let k(i) = i**2 - i - 7. Let w be k(0). Give x(w).
-1
Let v = 8 + -9. Let y(a) = -2*a**2 + 1. Let x(j) = 3*j**2 - 1. Let h(p) = 5*x(p) + 6*y(p). What is h(v)?
4
Let p(s) = s**2 - 4*s - 3. Suppose -17*g - 4 = -89. Determine p(g).
2
Suppose -15 = l + 5*a, 0*l - 2*a - 6 = -2*l. Suppose 24 = -4*r + 4*g - l*g, 0 = -g + 5. Let n(p) = -5*p**2 + 1. Calculate n(r).
-4
Let t be 10*(-25)/(1500/24). Let u(s) = -s**3 - 4*s**2 + 2*s + 5. Let f(k) = k**3 + 4*k**2 - 3*k - 6. Let r(b) = 5*f(b) + 6*u(b). Determine r(t).
12
Let v(r) be the third derivative of 0*r + 0 + 5/6*r**3 + 1/120*r**6 + 1/30*r**5 + 5*r**2 - 1/6*r**4. Calculate v(-4).
-11
Suppose -73 = -3*z + j, 0 = 2*j + 6 - 4. Suppose z = 5*u - 8*u. Let v(g) = -2*g - 11. What is v(u)?
5
Let h(b) = -b - 14. Let u(n) = n + 13. Let y(f) = 2*h(f) + 3*u(f). Let q(s) = -4*s + 68. Let m be q(17). Calculate y(m).
11
Let n(g) be the first derivative of 14 - g + 3/2*g**2 + 2/3*g**3. What is n(2)?
13
Let o = 63 - 61. Let x(i) = 2 - 9*i**2 - 10*i - 9*i**2 + 7*i**o - i**3. Calculate x(-10).
2
Let h(s) = -3*s**3 - s**2 + 3*s - 3. Let g(y) = y**3 + y**2 - y. Let d(f) = -2*g(f) - h(f). Suppose 13 = -7*n + 25 - 12. Determine d(n).
3
Let p(r) = -r**2 - 7*r - 9. Suppose -9*m + 2*m - 35 = 0. Calculate p(m).
1
Let g(t) = -16*t**3 + 6*t + 5. Let r(v) = -47*v**3 + 17*v + 14. Let m(o) = -17*g(o) + 6*r(o). Suppose -y + 17 = -4*c, 68*c - 12 = 71*c. Determine m(y).
-11
Suppose -l = 2*g - 11, -4*g = -5*l - 10 - 5. Let m(q) = -g*q**2 - 4*q**3 + 5*q**3 + q - 2*q**3 - 3 + 0*q**3. Determine m(-4).
-23
Let i = -12 - -11. Let h(v) = 5*v + 14. Suppose k - 3*k = -8. Let y(x) = x + 1. Let t(a) = i*h(a) + k*y(a). Calculate t(0).
-10
Let k be (16/4 + -4)/2. Suppose 0 + 1 = -v - 3*g, -5*g = k. Let u(h) = 7*h - 1. Determine u(v).
-8
Let n be (-32)/(-7) - (4 + (-24)/7). Let c(i) = -i**3 + 5*i**2 - 5*i + 1. Determine c(n).
-3
Let a(i) = 12*i + 4. Let o be -1 + 4 - (4 + -4). Give a(o).
40
Let m(k) = -2*k**3 + k**2 + 2*k - 2. Suppose -p = 2*p - z - 11, -3*z = -2*p + 19. What is m(p)?
-10
Let o(a) = -a**2 + 9*a - 2. Let g be o(7). Let q(h) = -h**2 - g*h + 23*h - 4 - 14*h. Give q(-3).
-4
Let o(n) = -n - 2. Let m = -8 + 12. Let c be (-33)/6 + m/8. What is o(c)?
3
Let o = -27 + -20. Let s = 44 + o. Let j(z) be the first derivative of z**2/2 + z + 1. What is j(s)?
-2
Suppose n - 5*g + 1 = 0, -3*n - g - 7 = -5*n. Let a(d) = -d - 3*d**3 + 0*d + 8 + 2*d**3 - 5 - n*d**2. Let v(f) = f**3 - 3*f**2 - 3. Let z be v(3). Give a(z).
-3
Let b(y) be